 is -144 (base 5) in base 14?
-37
What is 10 (base 5) in base 3?
12
What is 7 (base 14) in base 10?
7
-d (base 14) to base 3
-111
-1 (base 9) to base 10
-1
1 (base 3) to base 9
1
84 (base 10) to base 16
54
Convert -8 (base 15) to base 14.
-8
27 (base 10) to base 12
23
-4d (base 15) to base 12
-61
Convert -31 (base 6) to base 12.
-17
22 (base 3) to base 10
8
Convert -158 (base 13) to base 3.
-22222
Convert 401 (base 7) to base 12.
145
What is 4 (base 5) in base 13?
4
-10021 (base 4) to base 5
-2030
-25 (base 11) to base 4
-123
Convert -16 (base 10) to base 13.
-13
e (base 16) to base 3
112
-5 (base 10) to base 4
-11
Convert -8 (base 10) to base 7.
-11
Convert 18 (base 15) to base 7.
32
What is 6 (base 10) in base 12?
6
-111 (base 3) to base 5
-23
What is 1441 (base 5) in base 3?
100010
45 (base 12) to base 2
110101
What is -4 (base 8) in base 16?
-4
Convert 3 (base 11) to base 8.
3
10 (base 8) to base 16
8
-2 (base 7) to base 13
-2
What is 10 (base 5) in base 13?
5
What is 0 (base 4) in base 16?
0
Convert 10001 (base 2) to base 12.
15
Convert -10 (base 14) to base 11.
-13
-414 (base 6) to base 4
-2122
What is -22 (base 4) in base 16?
-a
Convert d9 (base 14) to base 5.
1231
Convert -10 (base 2) to base 12.
-2
What is 44 (base 9) in base 6?
104
a (base 13) to base 8
12
0 (base 10) to base 7
0
0 (base 16) to base 10
0
What is 1100 (base 3) in base 8?
44
Convert -13 (base 6) to base 9.
-10
Convert -101 (base 2) to base 6.
-5
Convert 6 (base 8) to base 10.
6
What is -5 (base 16) in base 3?
-12
Convert 11000100 (base 2) to base 7.
400
Convert 210 (base 5) to base 10.
55
124 (base 6) to base 9
57
What is -1 (base 2) in base 13?
-1
Convert 10 (base 12) to base 14.
c
Convert 133 (base 8) to base 14.
67
1001 (base 3) to base 2
11100
Convert -203 (base 5) to base 11.
-49
Convert 38 (base 12) to base 16.
2c
-2 (base 5) to base 8
-2
Convert -1 (base 15) to base 16.
-1
What is 47 (base 9) in base 14?
31
What is -100 (base 3) in base 5?
-14
Convert 351 (base 8) to base 14.
129
Convert 2a (base 15) to base 13.
31
What is 2 (base 10) in base 8?
2
-42 (base 6) to base 8
-32
Convert -11a (base 13) to base 10.
-192
What is -20 (base 12) in base 16?
-18
124 (base 15) to base 3
100121
Convert -10 (base 3) to base 9.
-3
What is -20 (base 6) in base 15?
-c
-311 (base 6) to base 12
-97
4 (base 13) to base 7
4
204 (base 5) to base 14
3c
What is -133 (base 7) in base 6?
-201
Convert 0 (base 7) to base 9.
0
31 (base 4) to base 5
23
What is -21 (base 11) in base 14?
-19
Convert 3 (base 13) to base 14.
3
Convert -1 (base 14) to base 15.
-1
-4 (base 13) to base 15
-4
What is 10 (base 15) in base 12?
13
What is 85 (base 16) in base 10?
133
What is -410 (base 7) in base 4?
-3023
What is 12 (base 8) in base 11?
a
Convert 50 (base 11) to base 8.
67
Convert 2001 (base 4) to base 10.
129
21 (base 4) to base 10
9
What is -2 (base 3) in base 8?
-2
13b (base 14) to base 7
504
Convert 10 (base 2) to base 15.
2
What is 4 (base 15) in base 12?
4
What is -55 (base 9) in base 4?
-302
Convert 123 (base 8) to base 10.
83
4 (base 15) to base 14
4
What is -3b (base 12) in base 5?
-142
Convert -133 (base 10) to base 6.
-341
-1431 (base 6) to base 14
-1d1
Convert -10112 (base 3) to base 13.
-74
What is -3 (base 8) in base 14?
-3
6 (base 16) to base 13
6
What is 40 (base 9) in base 4?
210
233 (base 4) to base 10
47
What is -23 (base 11) in base 12?
-21
What is 1 (base 9) in base 11?
1
-2 (base 8) to base 3
-2
1 (base 9) to base 16
1
4 (base 9) to base 16
4
-61 (base 13) to base 5
-304
-7 (base 9) to base 10
-7
10 (base 9) to base 7
12
What is 12001 (base 4) in base 9?
467
-28 (base 11) to base 3
-1010
What is 1001 (base 6) in base 13?
139
Convert 234 (base 11) to base 10.
279
What is 31 (base 5) in base 14?
12
What is -13 (base 5) in base 15?
-8
Convert 20 (base 7) to base 12.
12
Convert -420 (base 7) to base 16.
-d2
What is 110 (base 2) in base 6?
10
Convert 7 (base 10) to base 15.
7
Convert -1014 (base 5) to base 12.
-b2
What is -9 (base 10) in base 5?
-14
1111 (base 2) to base 9
16
Convert 32 (base 10) to base 16.
20
-16 (base 10) to base 13
-13
What is 1 (base 2) in base 12?
1
15 (base 13) to base 5
33
Convert 30 (base 5) to base 9.
16
112 (base 4) to base 8
26
b1 (base 15) to base 10
166
1 (base 12) to base 8
1
Convert -57 (base 8) to base 7.
-65
11000 (base 3) to base 4
1230
Convert -2 (base 4) to base 10.
-2
What is -233 (base 4) in base 15?
-32
a (base 11) to base 8
12
Convert 1 (base 15) to base 12.
1
What is 10101 (base 2) in base 10?
21
Convert -2 (base 3) to base 13.
-2
What is 3 (base 8) in base 15?
3
What is 81 (base 9) in base 12?
61
Convert 2 (base 12) to base 11.
2
a (base 14) to base 8
12
What is 3123 (base 4) in base 2?
11011011
0 (base 2) to base 13
0
Convert 1000 (base 2) to base 14.
8
What is 110010 (base 2) in base 3?
1212
Convert -17 (base 14) to base 15.
-16
2 (base 3) to base 2
10
What is 2 (base 4) in base 7?
2
Convert c8 (base 15) to base 8.
274
What is -22 (base 10) in base 6?
-34
5 (base 8) to base 13
5
What is -54 (base 12) in base 4?
-1000
What is 2 (base 16) in base 11?
2
Convert -42 (base 14) to base 16.
-3a
-1e (base 16) to base 9
-33
Convert -1 (base 11) to base 3.
-1
10 (base 4) to base 8
4
Convert -9 (base 12) to base 6.
-13
What is -111010 (base 2) in base 8?
-72
3 (base 6) to base 10
3
What is -195 (base 13) in base 3?
-101210
Convert -133 (base 9) to base 15.
-76
Convert 33 (base 5) to base 2.
10010
-7 (base 12) to base 13
-7
-2 (base 13) to base 5
-2
5 (base 15) to base 7
5
-114 (base 11) to base 14
-9a
What is 130 (base 4) in base 15?
1d
What is -33 (base 7) in base 12?
-20
What is 0 (base 7) in base 4?
0
1021 (base 5) to base 12
b4
What is 2 (base 10) in base 3?
2
What is 36 (base 8) in base 5?
110
What is -2 (base 4) in base 16?
-2
What is 8 (base 16) in base 10?
8
0 (base 9) to base 14
0
1 (base 12) to base 16
1
-1 (base 3) to base 9
-1
What is 2 (base 7) in base 4?
2
Convert -1 (base 15) to base 16.
-1
Convert -22 (base 3) to base 11.
-8
21 (base 8) to base 11
16
11 (base 6) to base 5
12
What is 11 (base 3) in base 7?
4
1010 (base 2) to base 4
22
53 (base 16) to base 15
58
-34 (base 7) to base 14
-1b
Convert -1d (base 14) to base 11.
-25
What is -4 (base 15) in base 10?
-4
34 (base 9) to base 3
1011
What is 1 (base 7) in base 10?
1
Convert 1 (base 9) to base 10.
1
0 (base 7) to base 14
0
What is -1101110 (base 2) in base 8?
-156
What is 6 (base 11) in base 10?
6
What is -410 (base 6) in base 3?
-12120
Convert -102 (base 6) to base 2.
-100110
Convert 13 (base 11) to base 5.
24
Convert -32 (base 5) to base 8.
-21
0 (base 9) to base 8
0
What is -2 (base 12) in base 15?
-2
Convert -10 (base 2) to base 10.
-2
Convert -f (base 16) to base 2.
-1111
-e8 (base 15) to base 7
-431
Convert -6 (base 8) to base 3.
-20
2 (base 3) to base 12
2
What is -2 (base 10) in base 12?
-2
Convert -32 (base 7) to base 5.
-43
Convert -121 (base 3) to base 16.
-10
-29 (base 13) to base 12
-2b
What is -23 (base 4) in base 8?
-13
What is -3 (base 12) in base 15?
-3
What is -1 (base 4) in base 6?
-1
246 (base 9) to base 14
108
3 (base 9) to base 4
3
2 (base 3) to base 14
2
11b (base 14) to base 5
1341
What is -15 (base 16) in base 11?
-1a
-1 (base 12) to base 8
-1
What is 5 (base 13) in base 8?
5
What is -100001 (base 2) in base 13?
-27
What is 426 (base 8) in base 16?
116
-1000 (base 2) to base 10
-8
What is -3 (base 8) in base 11?
-3
Convert -33 (base 14) to base 16.
-2d
What is -b5 (base 14) in base 12?
-113
Convert -3d (base 16) to base 14.
-45
184 (base 14) to base 2
100111000
What is -107 (base 9) in base 12?
-74
What is -89 (base 11) in base 6?
-241
-110 (base 3) to base 11
-11
Convert -2 (base 15) to base 6.
-2
-14 (base 5) to base 16
-9
a7 (base 15) to base 11
133
-20202 (base 3) to base 15
-c2
-13 (base 7) to base 3
-101
What is 4 (base 5) in base 7?
4
Convert -5 (base 16) to base 11.
-5
What is -23 (base 13) in base 3?
-1002
What is -7 (base 13) in base 6?
-11
Convert 11101 (base 2) to base 11.
27
Convert -425 (base 6) to base 11.
-137
-1100 (base 5) to base 10
-150
What is -2 (base 16) in base 15?
-2
-101100 (base 2) to base 8
-54
What is 2 (base 16) in base 13?
2
What is -1 (base 10) in base 5?
-1
Convert 0 (base 11) to base 10.
0
Convert 11 (base 7) to base 11.
